{"version":"1.0","type":"rich","width":"560px","height":"140px","title":"Kreistalk XV: Gr\u00fcne ohne Jugend - Podcast der Rosenheimer Gr\u00fcnen zu den R\u00fccktritten bei der Gr\u00fcnen Jugend.","url":"https:\/\/gruene-rosenheim.de\/kreistalk-xv-gruene-ohne-jugend\/","author_name":"Kreistalk - Gr\u00fcne Politik im Landkreis Rosenheim","author_url":"https:\/\/gruene-rosenheim.de","thumbnail_url":"https:\/\/gruene-rosenheim.de\/wp-content\/uploads\/sites\/63\/2022\/12\/Podcast_logo_400x400.png","html":"<iframe width=\"560px\" height=\"140px\" src=\"https:\/\/gruene-rosenheim.de\/kreistalk-xv-gruene-ohne-jugend\/?standalonePlayer\"><\/iframe>"}

Kreistalk XV: Grüne ohne Jugend - Podcast der Rosenheimer Grünen zu den Rücktritten bei der Grünen Jugend.

Kreistalk - Grüne Politik im Landkreis Rosenheim
